{"id":842,"date":"2023-09-13T19:54:16","date_gmt":"2023-09-13T19:54:16","guid":{"rendered":"https:\/\/mtzingenieria.com\/inicio\/?post_type=product&#038;p=842"},"modified":"2025-12-04T13:40:25","modified_gmt":"2025-12-04T13:40:25","slug":"mtz-t10-pro","status":"publish","type":"product","link":"https:\/\/mtzingenieria.com\/inicio\/producto\/mtz-t10-pro\/","title":{"rendered":"MTZ T10 PRO"},"content":{"rendered":"","protected":false},"excerpt":{"rendered":"<h3>CARACTERISTCAS<\/h3>\n<ul>\n<li>\n<h6>Sistema Linux+QualcommMDM9628 Cortex-A7inteligente.<\/h6>\n<\/li>\n<li>\n<h6>BDS, GPS, GLONASS, Galileo, QZSS e IRNSS.<\/h6>\n<\/li>\n<li>\n<h6>Posicionamiento a nivel centim\u00e9trico.<\/h6>\n<\/li>\n<li>\n<h6>Soporta medici\u00f3n de inclinaci\u00f3n, y cumplir con la precisi\u00f3n de posicionamiento de menos de 2 cm dentro del rango de inclinaci\u00f3n de 60 \u00b0.<\/h6>\n<\/li>\n<li>\n<h6>Soporta 4G, Radio, Bluetooth y WiFi, y trabaja de forma m\u00e1s flexible.<\/h6>\n<\/li>\n<li>\n<h6>Incorpora bater\u00eda de litio de alta capacidad, ultra larga duraci\u00f3n.<\/h6>\n<\/li>\n<li>\n<h6>Dise\u00f1o industrial, s\u00f3lida carcasa de aleaci\u00f3n de magnesio, en l\u00ednea con los requisitos de dise\u00f1o IP68, seguro y fiable.<\/h6>\n<\/li>\n<\/ul>\n","protected":false},"featured_media":843,"comment_status":"open","ping_status":"closed","template":"","meta":{"_uag_custom_page_level_css":"","site-sidebar-layout":"default","site-content-layout":"","ast-site-content-layout":"default","site-content-style":"default","site-sidebar-style":"default","ast-global-header-display":"","ast-banner-title-visibility":"","ast-main-header-display":"","ast-hfb-above-header-display":"","ast-hfb-below-header-display":"","ast-hfb-mobile-header-display":"","site-post-title":"","ast-breadcrumbs-content":"","ast-featured-img":"","footer-sml-layout":"","theme-transparent-header-meta":"default","adv-header-id-meta":"","stick-header-meta":"","header-above-stick-meta":"","header-main-stick-meta":"","header-below-stick-meta":"","astra-migrate-meta-layouts":"set"},"product_cat":[25],"product_tag":[],"uagb_featured_image_src":{"full":["https:\/\/mtzingenieria.com\/inicio\/wp-content\/uploads\/2023\/09\/t10.png",936,804,false],"thumbnail":["https:\/\/mtzingenieria.com\/inicio\/wp-content\/uploads\/2023\/09\/t10-150x150.png",150,150,true],"medium":["https:\/\/mtzingenieria.com\/inicio\/wp-content\/uploads\/2023\/09\/t10-300x258.png",300,258,true],"medium_large":["https:\/\/mtzingenieria.com\/inicio\/wp-content\/uploads\/2023\/09\/t10-768x660.png",768,660,true],"large":["https:\/\/mtzingenieria.com\/inicio\/wp-content\/uploads\/2023\/09\/t10.png",936,804,false],"1536x1536":["https:\/\/mtzingenieria.com\/inicio\/wp-content\/uploads\/2023\/09\/t10.png",936,804,false],"2048x2048":["https:\/\/mtzingenieria.com\/inicio\/wp-content\/uploads\/2023\/09\/t10.png",936,804,false],"woocommerce_thumbnail":["https:\/\/mtzingenieria.com\/inicio\/wp-content\/uploads\/2023\/09\/t10-300x258.png",300,258,true],"woocommerce_single":["https:\/\/mtzingenieria.com\/inicio\/wp-content\/uploads\/2023\/09\/t10-600x515.png",600,515,true],"woocommerce_gallery_thumbnail":["https:\/\/mtzingenieria.com\/inicio\/wp-content\/uploads\/2023\/09\/t10-100x100.png",100,100,true]},"uagb_author_info":{"display_name":"Mateo Cruz","author_link":"https:\/\/mtzingenieria.com\/inicio\/author\/"},"uagb_comment_info":6,"uagb_excerpt":"CARACTERISTCAS Sistema Linux+QualcommMDM9628 Cortex-A7inteligente. BDS, GPS, GLONASS, Galileo, QZSS e IRNSS. Posicionamiento a nivel centim\u00e9trico. Soporta medici\u00f3n de inclinaci\u00f3n, y cumplir con la precisi\u00f3n de posicionamiento de menos de 2 cm dentro del rango de inclinaci\u00f3n de 60 \u00b0. Soporta 4G, Radio, Bluetooth y WiFi, y trabaja de forma m\u00e1s flexible. Incorpora bater\u00eda de litio&hellip;","_links":{"self":[{"href":"https:\/\/mtzingenieria.com\/inicio\/wp-json\/wp\/v2\/product\/842"}],"collection":[{"href":"https:\/\/mtzingenieria.com\/inicio\/wp-json\/wp\/v2\/product"}],"about":[{"href":"https:\/\/mtzingenieria.com\/inicio\/wp-json\/wp\/v2\/types\/product"}],"replies":[{"embeddable":true,"href":"https:\/\/mtzingenieria.com\/inicio\/wp-json\/wp\/v2\/comments?post=842"}],"wp:featuredmedia":[{"embeddable":true,"href":"https:\/\/mtzingenieria.com\/inicio\/wp-json\/wp\/v2\/media\/843"}],"wp:attachment":[{"href":"https:\/\/mtzingenieria.com\/inicio\/wp-json\/wp\/v2\/media?parent=842"}],"wp:term":[{"taxonomy":"product_cat","embeddable":true,"href":"https:\/\/mtzingenieria.com\/inicio\/wp-json\/wp\/v2\/product_cat?post=842"},{"taxonomy":"product_tag","embeddable":true,"href":"https:\/\/mtzingenieria.com\/inicio\/wp-json\/wp\/v2\/product_tag?post=842"}],"curies":[{"name":"wp","href":"https:\/\/api.w.org\/{rel}","templated":true}]}}